late the highest common factor of 71 and 1593.
1
Calculate the highest common divisor of 3868 and 12.
4
What is the highest common factor of 89 and 207?
1
What is the greatest common factor of 175789 and 23?
23
Calculate the greatest common factor of 36369 and 729.
81
What is the greatest common divisor of 838458 and 162?
54
What is the greatest common divisor of 42 and 261786?
42
Calculate the greatest common divisor of 1877525 and 325.
325
What is the highest common divisor of 4 and 33406?
2
Calculate the highest common divisor of 832 and 36288.
64
Calculate the greatest common divisor of 6924 and 28188.
12
Calculate the greatest common factor of 66534 and 429.
39
Calculate the highest common divisor of 241902 and 2.
2
Calculate the highest common factor of 46886 and 3152.
394
Calculate the highest common factor of 642120 and 45.
15
Calculate the greatest common factor of 333104 and 109.
109
Calculate the highest common factor of 4424 and 737149.
553
Calculate the highest common divisor of 6 and 4660518.
6
Calculate the highest common divisor of 783 and 1737.
9
What is the highest common divisor of 120 and 785?
5
What is the highest common divisor of 85176 and 1512?
504
What is the greatest common factor of 1056 and 11253?
33
Calculate the greatest common divisor of 13378304 and 256.
256
Calculate the greatest common divisor of 817 and 149726.
43
Calculate the greatest common divisor of 1109573 and 34.
17
What is the greatest common factor of 3204 and 22161?
267
Calculate the highest common factor of 2455 and 45.
5
What is the greatest common divisor of 2678 and 10506?
206
Calculate the greatest common factor of 472 and 1404.
4
Calculate the highest common factor of 8692 and 7216.
164
What is the highest common factor of 5530 and 10270?
790
What is the highest common divisor of 96950 and 1225?
175
Calculate the greatest common factor of 378 and 26670.
42
Calculate the greatest common divisor of 2338 and 322.
14
Calculate the greatest common divisor of 25383 and 6.
3
Calculate the highest common divisor of 1344 and 1669696.
448
What is the highest common divisor of 1999673 and 7527?
2509
What is the greatest common divisor of 16092 and 9536?
596
What is the highest common factor of 252878 and 8355?
557
Calculate the highest common factor of 350000 and 40.
40
What is the highest common factor of 5274 and 2502?
18
Calculate the greatest common divisor of 95 and 149245.
95
Calculate the highest common factor of 80 and 79904.
16
What is the highest common divisor of 348929 and 49?
49
Calculate the highest common factor of 236 and 250.
2
Calculate the greatest common factor of 116509 and 8860.
443
What is the highest common factor of 5089 and 203?
7
Calculate the highest common factor of 1173 and 18173.
17
Calculate the greatest common factor of 5980 and 1040.
260
What is the greatest common factor of 78 and 160901?
13
Calculate the highest common divisor of 900 and 53028.
36
What is the greatest common divisor of 989982 and 2328?
582
Calculate the greatest common factor of 1309 and 2387.
77
What is the greatest common divisor of 94062 and 732?
366
Calculate the greatest common divisor of 755 and 95.
5
Calculate the highest common divisor of 112 and 7570920.
56
What is the highest common divisor of 4749 and 384?
3
What is the highest common factor of 40717 and 1634?
19
What is the highest common factor of 39 and 4872?
3
What is the highest common factor of 174 and 51504?
174
What is the greatest common factor of 75971 and 14?
7
Calculate the greatest common factor of 15663 and 19573.
23
What is the greatest common factor of 66 and 562320?
66
What is the highest common factor of 25585 and 340?
85
What is the highest common factor of 196651 and 182?
91
Calculate the highest common factor of 72 and 624636.
36
What is the greatest common factor of 5316 and 116?
4
Calculate the highest common factor of 32 and 566240.
32
Calculate the greatest common divisor of 66 and 4268.
22
Calculate the greatest common divisor of 3995 and 68170.
85
Calculate the greatest common factor of 40612 and 351.
13
Calculate the greatest common factor of 904 and 20001.
113
What is the greatest common divisor of 22 and 4045184?
22
Calculate the highest common divisor of 40755 and 195.
195
What is the greatest common divisor of 504 and 2336?
8
What is the highest common divisor of 946 and 9746?
22
Calculate the greatest common factor of 1842 and 3.
3
What is the highest common factor of 8 and 891972?
4
Calculate the greatest common divisor of 9674 and 350.
14
Calculate the highest common divisor of 1625 and 416.
13
Calculate the greatest common factor of 9 and 374481.
9
Calculate the greatest common factor of 189 and 42147.
189
Calculate the highest common factor of 184 and 6752.
8
Calculate the greatest common factor of 369105 and 44.
11
What is the highest common factor of 255 and 14565?
15
Calculate the highest common factor of 3 and 89172.
3
Calculate the greatest common factor of 954 and 460146.
318
What is the greatest common divisor of 18588 and 48?
12
What is the highest common factor of 1900 and 247304?
76
What is the greatest common factor of 2 and 359024?
2
What is the greatest common factor of 130564 and 28?
28
Calculate the greatest common factor of 4282 and 3.
1
Calculate the greatest common divisor of 1083 and 1539.
57
What is the greatest common factor of 232 and 1240533?
29
Calculate the greatest common factor of 247296 and 96.
96
Calculate the greatest common factor of 153 and 12087.
153
Calculate the highest common factor of 4284 and 18.
18
What is the highest common factor of 48096 and 259852?
668
What is the highest common divisor of 351 and 185760?
27
What is the greatest common divisor of 85026 and 14874?
222
Calculate the greatest common factor of 6360 and 510.
30
Calculate the greatest common factor of 214232 and 854.
122
What is the greatest common divisor of 996 and 1668?
12
What is the greatest common factor of 21 and 372043?
7
Calculate the highest common divisor of 805599 and 9.
9
What is the greatest common factor of 1080 and 663240?
120
Calculate the highest common factor of 347 and 2231210.
347
What is the greatest common divisor of 1 and 22277?
1
What is the highest common divisor of 3260 and 1130?
10
Calculate the highest common factor of 1257999 and 9.
3
Calculate the highest common divisor of 282360 and 13.
13
Calculate the greatest common divisor of 6165 and 402095.
685
What is the greatest common factor of 109683 and 63?
63
What is the greatest common divisor of 1703 and 14803?
131
Calculate the highest common divisor of 7148 and 3648.
4
What is the greatest common divisor of 4917 and 1788?
447
Calculate the greatest common divisor of 20280 and 1680.
120
What is the greatest common factor of 306 and 267920?
34
What is the highest common factor of 564 and 5687?
47
Calculate the highest common divisor of 753 and 2109.
3
Calculate the greatest common divisor of 17464 and 4602.
118
What is the greatest common divisor of 122 and 35258?
122
Calculate the greatest common factor of 551270 and 30.
10
What is the greatest common factor of 1045 and 2?
1
Calculate the greatest common factor of 650 and 41392.
26
What is the greatest common divisor of 7484 and 272?
4
What is the greatest common divisor of 93753 and 66?
33
Calculate the highest common factor of 28 and 1244.
4
What is the highest common divisor of 510 and 5559?
51
Calculate the greatest common factor of 3939478 and 1853.
1853
Calculate the highest common divisor of 236 and 258066.
118
Calculate the greatest common factor of 74676 and 1008.
84
Calculate the highest common factor of 664653 and 165.
33
Calculate the greatest common factor of 405112 and 8.
8
Calculate the greatest common factor of 896 and 5656.
56
What is the greatest common divisor of 1840 and 13525840?
1840
What is the greatest common divisor of 25718 and 8016?
334
Calculate the greatest common divisor of 1101 and 164783.
367
Calculate the highest common factor of 31200 and 897.
39
Calculate the greatest common divisor of 700 and 41250.
50
What is the highest common factor of 5071203 and 9?
9
Calculate the highest common divisor of 11825 and 2475.
275
What is the greatest common divisor of 114678 and 32132?
554
What is